- 2*l - 4. Let m(s) = 7*s**2 + s + 4. Let h(i) = -6*k(i) - 5*m(i). Give h(-6).
-2
Let k be (-1 - 1)*(-4 + 3). Let v(w) = 3 - w**2 - 4*w + 0*w**2 + k*w. What is v(2)?
-5
Let s(y) = y**3 - 5*y**2 - 6*y + 5. Let k be s(6). Let x(p) = -p + k*p - p + 1 - 2*p. Determine x(-4).
-3
Let b(w) = -4*w**2 + 6*w - 2. Let l(o) = 3*o**2 - 4*o + 1. Let n(z) = -5*b(z) - 7*l(z). Let h(y) = 3*y**2 + 5*y - 8. Let d(u) = -3*h(u) - 8*n(u). Give d(3).
-6
Let v(i) be the second derivative of -5*i**3/3 - 3*i**2/2 - 36*i. Determine v(-3).
27
Suppose -20*a = -21*a + 8. Let i(y) = -y**3 + 9*y**2 - 8*y + 11. What is i(a)?
11
Suppose -2*o - 10 = -b + 1, 3*b = 15. Let y(g) be the first derivative of 0*g**2 - 4*g + 4 + 1/3*g**3. Determine y(o).
5
Let s(t) be the second derivative of -4*t - 7/2*t**2 + 0 + 4/3*t**3 - 1/12*t**4. Give s(5).
8
Let h(o) be the first derivative of -5*o**2 - 7. Give h(-1).
10
Let p(z) = -z**3 - z**2 - z + 6. Let j be (-2)/3 + 1 + 2/(-6). Calculate p(j).
6
Suppose -3*p = -2*a + 701 + 370, -p = 2*a - 1075. Let v(x) = -1 + 537*x - a*x - 6*x**2. Determine v(1).
-7
Let a(p) = 2*p**2 - 1 + 2*p**3 + 0 + 6*p**3. Suppose -3*k - m = 49 + 11, 0 = -m. Let i be 10/k*(-1 + 3). What is a(i)?
-7
Let u(v) = -v + 3. Let n be u(-2). Let c(w) = w**2 - 5*w - 6. Give c(n).
-6
Let m(r) = -r**3 - 5*r**2 - 5*r - 4. Let k(w) be the first derivative of -w**2/2 - 2*w + 2. Let x be k(2). Let b be m(x). Let o(p) = -p**2 + p + 2. Give o(b).
2
Suppose 5*q - 27 = -g, 2*g - 2*q + 1 = -5. Let r(j) be the first derivative of 2 - 5*j - 1/2*j**g. Calculate r(4).
-9
Let h(l) = l**3 - 4*l**2 - 4*l. Let a(k) = k**2 + k + 1. Let v(d) = a(d) + h(d). What is v(4)?
5
Suppose 0 = 4*y + 3 + 17. Let h(n) = 19*n**3 - 18*n**3 + 4*n**2 + 4 - 5 - 3*n. Give h(y).
-11
Let q(b) = -b**3 + 4*b**2 + 2*b - 2. Let m be 4/10 + (-26)/(-10). Suppose 4*c - 12 = -m*k, 0*k + c = 2*k - 8. Give q(k).
6
Let z(a) = 3*a + 4. Let d = -9 - -11. Suppose -d*g + 12 = -b + 6*b, g - 5*b = -24. Calculate z(g).
-8
Let p = -6 + 8. Let c(s) = -s**2 - 1 - 1 - p*s + 1 - 2*s**2. Let l be 2/6 - 14/6. Determine c(l).
-9
Let n(z) = -z**2 + 2*z - 1. Suppose 5 = 5*f - 10. Give n(f).
-4
Let w be 1*(-10)/((-6)/3). Let h(t) = 6 - 5*t**2 + t**3 - 3*t - 3*t + w*t - 7*t. Determine h(6).
-6
Let x = -1 - 2. Let c(u) be the first derivative of u**6/180 + u**5/24 + u**4/12 - 4*u**3/3 + 1. Let f(p) be the third derivative of c(p). Calculate f(x).
5
Let b(y) = 2*y - 8. Let j(n) = -5*n**2 - n**3 + 36*n + 2*n**3 - 41*n. Let x be j(6). What is b(x)?
4
Let v(l) = l**2 - 5*l + 5. Suppose -4 = -t - 3*t. Let g be t + -2 + 2 - -2. Suppose -g*k + 7*q = 3*q - 20, 3*k + q = 10. What is v(k)?
1
Let o(h) = h**2 + 5*h + 3. Let i = 16 - 10. Let f be (9/i)/(2/(-4)). Let d be 4*(f/4 - 0). Determine o(d).
-3
Let j(d) be the first derivative of -d**2 + 6*d + 9. Determine j(4).
-2
Let x(w) = -2*w + w + 0*w + 1. Suppose 3*q = q - 10. Let m = 0 - q. Calculate x(m).
-4
Let a(o) = -o**3 + o + 1. Let y = 8 - 3. Suppose 3*w = -y*s - 15, -4*s - 4*w + w - 15 = 0. Suppose s = -3*d - 3. Calculate a(d).
1
Let z(g) = -g**3 + g + 81*g**2 + 78*g**2 - 157*g**2. Suppose c + 5*m = 5*c - 13, 3*c - 4*m = 10. Give z(c).
2
Let t be (-126)/(-15) + (-12)/30. Let g(p) = -p + 7. Calculate g(t).
-1
Let i(t) = -7*t + 5. Let p(z) = z**2. Let n(c) = -i(c) - p(c). Let q be 680/140 + 1/7. What is n(q)?
5
Let a(v) be the first derivative of -v**2/2 + 6. What is a(5)?
-5
Let n = 1 - 2. Let o be 5/(15/(-9))*n. Suppose 5 = -5*z - 5, 0 = o*k + 3*z + 18. Let y(j) = j - 5. Give y(k).
-9
Let u(n) = n**2 - 7*n + 6. Let t be u(6). Suppose c = -4*b + 4, 2*b = -c - 4*c - 16. Let d be t/(c + 0 + 1). Let j(h) = -h**3 + h**2 + h - 3. What is j(d)?
-3
Suppose -4 = 4*p - 0*p. Let t(n) = -5*n + 3. Let m(z) = -z - 1. Let l(k) = -2*m(k) - t(k). What is l(p)?
-8
Suppose 5*r + 4*x - 3 = -2, x - 1 = -2*r. Let w be r/((21/12)/7). Let f(p) = -p**2 + 3*p - 2. Give f(w).
-6
Let y(o) = o + 3. Suppose -b - b = -6. Calculate y(b).
6
Let o(v) = -v - 3. Let j be o(-5). Let c(r) = -r + 2*r**2 + r**j - r**3 + 2 + 2*r**2. What is c(5)?
-3
Let j(w) = -2*w**2 + 25*w + 20. Let d(q) be the third derivative of q**5/60 - 13*q**4/24 - 5*q**3/3 + 7*q**2. Let k(z) = -11*d(z) - 6*j(z). What is k(8)?
-2
Let i(f) = f**3 - 5*f**2 - 6*f + 1. Let y(w) = -w + 11. Let d be y(5). Give i(d).
1
Let k(r) = -r**3 + 5*r**2 + r - 6. Let w(m) = -m - 5. Let z be w(-4). Let x be 4 - -2*z/(-2). Give k(x).
-1
Suppose -8 = -3*t - 2. Let p(k) = -k**t + k + 1 + 1 + 2*k. Give p(3).
2
Suppose c + 1 = -0*c. Let h be 3 + (1 - c)/2. Let t(y) = -6*y**3 - 2*y**2 - 6. Let z(j) = 5*j**3 + j**2 - j + 5. Let i(l) = 4*t(l) + 5*z(l). Calculate i(h).
-3
Let x(v) = 9*v + 5. Let n(z) = -2*z - 1. Let c(d) = 26*n(d) + 6*x(d). Let o = 1 + -2. Let b = o - 2. What is c(b)?
-2
Let r(o) = o**2 - 3*o - 4. Suppose 0 = 2*g - 3*h - 6, -3*h = -8*g + 3*g + 6. Let d be (-5)/(g - 2 - -1). Calculate r(d).
6
Let v = -8 + 14. Suppose -2*w + 2 = 4*y, 0 = -y + v*y - 2*w + 20. Let f(j) = -2*j + 2*j + 4*j + 1. What is f(y)?
-7
Let b(a) be the second derivative of -a**4/12 - 7*a**3/6 + 3*a**2 + a. Let r = 69 + -76. Determine b(r).
6
Let r = -4 + -3. Let q(g) = g**2 + 7*g - 6. What is q(r)?
-6
Let n(x) = -2*x. Let l be n(-1). Let c(m) = 3*m - 3 + 3*m**3 - 4*m**3 + 2*m**3 - 3*m**l. Calculate c(3).
6
Suppose 2*s + 3 = 11. Let j(y) = -2*y + 5. What is j(s)?
-3
Let w(b) = 10*b**2 + 9*b - 5. Let j(m) = 7*m**2 + 6*m - 3. Let p(k) = -7*j(k) + 5*w(k). Determine p(-5).
6
Let m(r) = -5*r - 7. Let w(j) = -21*j - 28. Let f(d) = -9*m(d) + 2*w(d). Let i = -26 - -21. Give f(i).
-8
Let r(f) = -4*f**3 - 40*f**2 + 27*f + 43. Let m(k) = -3*k**3 - 27*k**2 + 18*k + 29. Let w(h) = 7*m(h) - 5*r(h). Determine w(10).
-2
Let b(p) = -3*p**3 - 3*p**2 - 3*p - 3. Let o(c) = 4*c + 14. Let j be o(-4). Determine b(j).
15
Let u(q) = -6*q + 9. Let h(i) = 5*i - 8. Let s(r) = 4*h(r) + 3*u(r). Suppose 4*x = -3 + 23. Give s(x).
5
Let o(k) = 14*k**2. Let v = 12 + -11. Give o(v).
14
Let y(s) = s**2 - 2*s - 2. Let b = -7 + 11. Suppose -4 = 4*d - 2*d - b*z, -3*d - 2*z - 22 = 0. Let q be (-22)/d + (-4)/6. Determine y(q).
1
Suppose -4*h + 2 = -3*h, 2*h - 10 = -3*k. Let q(l) = -4*l + l**3 + 2*l**k + 2 - 6 + 3. Give q(-3).
2
Let k be (-10)/(-4) - (-1)/(-2). Suppose k*l = -5 + 21. Suppose -3*g = -l + 2. Let c(b) = 3*b**2 - 3*b + 2. Calculate c(g).
8
Let n(y) be the second derivative of y**3/6 + 3*y**2 - 34*y. Calculate n(-7).
-1
Suppose 0 = 5*f - 17 + 2. Suppose -f*v + 3 = -12. Let t(p) = p**3 - 6*p**2 + 3*p + 2. What is t(v)?
-8
Suppose -4 = 2*z - 4*w, -4*z + 4*w = -0*z + 8. Let o(l) be the first derivative of l + 2 + 1/2*l**2 + 1/4*l**4 + l**3. What is o(z)?
3
Let z(j) = -j**2 - 3*j - 6. Let s = -171 - -167. Give z(s).
-10
Let b = 45 + -50. Let j(c) = 1 + c - 6 + 0. Calculate j(b).
-10
Let n(o) = o**3 + o - 1. Suppose -i = -5*w + 11, 5*i = -5*w - 0*w + 35. Suppose -3 = x + s, 3 = 4*x + w*s + 14. Determine n(x).
-11
Let b(m) = 4*m**2 - 21*m**3 + 40*m**3 - m + 4 - 18*m**3. Determine b(-5).
-16
Let i(t) = -t. Suppose 0 = 5*u - 2*l - 6, -2*u - l + 14 = 4*l. Let c = -1 - -1. Suppose c = -5*p + 3*j + 9, p = -j - u*j + 9. Give i(p).
-3
Suppose -2*w + 2*y - 9 = 7, 4*w = 5*y - 34. Let r(l) = -2*l + 4. What is r(w)?
16
Let h(b) = -4*b + 11*b**2 - 2*b**3 + 5 - 1 - 8*b**2. Let q(f) = -f**3 + f**2 - f + 1. Let c(n) = -h(n) + q(n). Calculate c(3).
15
Suppose 0 = 4*i + 2 + 2. Let u(n) = n. Let t(z) = 3*z - 9. Let y(q) = -q + 2. Let r(h) = -4*t(h) - 18*y(h). Let c(s) = r(s) - 2*u(s). What is c(i)?
-4
Let m(f) = f - 6. Let c = -25 - -30. What is m(c)?
-1
Let v(h) = h**3 - 4*h**2 - 5*h. Let z(y) = y**2 + 3*y. Let g be z(-3). Let x be 2*(g - (-5)/2). Give v(x).
0
Let g(c) be the third derivative of -c**4/24 + 2*c**2 + 9*c. Calculate g(0).
0
Let l be (((-120)/35)/2)/((-4)/14). Let p(h) = h**2 - 7*h - 8. Calculate p(l).
-14
Let i be (-7)/14*(13 + -1). Let s(f) be the first derivative of f**4/4 + 2*f**3 - f**2 - 6*f - 1. Determine s(i).
6
Suppose 20 = 4*x + 4*y, -4*x - x = -5*y + 5. Let f(w) = -4*w**3 + w**x - 3*w**3 + 6*w**3. Give f(0).
0
Let j(y) = 4*y**3 - 8*y**2 - y. Let l(p) = 5*p**3 - 9*p**2 - 2*p. Let c(d) = 4*j(d) - 3*l(d). Let h = -1 + 5. Let n be (2/h)/(2/16). Give c(n).
-8
Let y(k) = k**2 - 5*k - 3. Let f(o) = -2*o - 10. Let r be f(-7). Suppose 0 = -5*i - 